{"id":9,"date":"2020-10-16T01:28:56","date_gmt":"2020-10-16T06:28:56","guid":{"rendered":"http:\/\/devmacanudo.com\/webcultural\/?page_id=9"},"modified":"2026-01-19T09:50:23","modified_gmt":"2026-01-19T14:50:23","slug":"inicio","status":"publish","type":"page","link":"https:\/\/cultural.edu.pe\/puno\/","title":{"rendered":"Inicio"},"content":{"rendered":"<p>[vc_section el_id=&#8221;hero&#8221; el_class=&#8221;hero&#8221;][vc_row][vc_column][vc_raw_html]JTVCc2xpZGVfaG9tZWhlcm8lNUQ=[\/vc_raw_html][\/vc_column][\/vc_row][\/vc_section][vc_section el_id=&#8221;accesos-rapidos&#8221;][vc_row][vc_column width=&#8221;1\/4&#8243; el_class=&#8221;accesos-izquierda&#8221;][vc_column_text]<\/p>\n<p style=\"text-align: left;\"><img loading=\"lazy\" class=\"alignnone size-full wp-image-7734\" src=\"https:\/\/cultural.edu.pe\/wp-content\/uploads\/2023\/06\/alumno-accesos.png\" alt=\"\" width=\"42\" height=\"42\" \/>Ingresa directamente a<\/p>\n<p>[\/vc_column_text][\/vc_column][vc_column width=&#8221;3\/4&#8243; el_class=&#8221;accesos-derecha&#8221;][vc_wp_custommenu nav_menu=&#8221;38&#8243;][\/vc_column][\/vc_row][\/vc_section][vc_section el_id=&#8221;nosotros&#8221; el_class=&#8221;secciones&#8221;][vc_row][vc_column][vc_empty_space height=&#8221;40px&#8221;][\/vc_column][\/vc_row][vc_row][vc_column width=&#8221;1\/2&#8243;][vc_single_image image=&#8221;3550&#8243; img_size=&#8221;full&#8221; alignment=&#8221;center&#8221;][\/vc_column][vc_column width=&#8221;1\/2&#8243;][vc_column_text el_class=&#8221;titulos-secciones&#8221;]<\/p>\n<p style=\"text-align: left;\">M\u00e1s de 70 a\u00f1os impulsando el cambio<\/p>\n<h2 style=\"text-align: left;\">Centro Cultural Peruano Norteamericano<\/h2>\n<p>[\/vc_column_text][vc_column_text]<\/p>\n<p style=\"text-align: justify;\">Consolidados como una instituci\u00f3n promotora de la cultura y como centro de alto nivel en la ense\u00f1anza de ingl\u00e9s, manteniendo y mejorando nuestra calidad educativa.<\/p>\n<p style=\"text-align: justify;\">A lo largo de estos a\u00f1os hemos visto pasar por nuestros pasillos y aulas a muchas generaciones, las cuales recuerdan con felicidad y nostalgia sus a\u00f1os de preparaci\u00f3n del idioma universal, preparaci\u00f3n que les ha servido para alcanzar sus sue\u00f1os y metas.<\/p>\n<p>[\/vc_column_text][vc_btn title=&#8221;Ver historia&#8221; style=&#8221;custom&#8221; custom_background=&#8221;#ff2328&#8243; custom_text=&#8221;#ffffff&#8221; link=&#8221;url:https%3A%2F%2Fcultural.edu.pe%2Fpuno%2Fnosotros%2F|title:Nosotros&#8221;][\/vc_column][\/vc_row][\/vc_section][vc_section el_id=&#8221;nuestros-programas&#8221;][vc_row][vc_column][vc_empty_space height=&#8221;50px&#8221;][vc_column_text el_class=&#8221;titulos-secciones&#8221;]<\/p>\n<p style=\"text-align: left;\">Las mejores lecciones de ingl\u00e9s<\/p>\n<h2 style=\"text-align: center;\">Nuestros programas y cursos<\/h2>\n<p>[\/vc_column_text][vc_raw_html]JTVCY2FycnVzZWxfcHJvZ3JhbWFzJTVE[\/vc_raw_html][\/vc_column][\/vc_row][\/vc_section][vc_section el_id=&#8221;experiencia-cultural&#8221; el_class=&#8221;secciones&#8221;][vc_row][vc_column][vc_column_text el_class=&#8221;titulos-secciones&#8221;]<\/p>\n<p style=\"text-align: left;\">Estudia con nosotros<\/p>\n<h2 style=\"text-align: center;\">Vive la experiencia Cultural<\/h2>\n<p>[\/vc_column_text][vc_empty_space][\/vc_column][\/vc_row][vc_row][vc_column width=&#8221;1\/3&#8243;][vc_single_image image=&#8221;3506&#8243; img_size=&#8221;full&#8221; alignment=&#8221;center&#8221; el_class=&#8221;img-vive&#8221;][\/vc_column][vc_column width=&#8221;1\/3&#8243;][vc_column_text el_class=&#8221;item-experiencia-cultural&#8221;]<\/p>\n<h4>Alianza estrat\u00e9gica<\/h4>\n<p><img class=\"alignnone size-full wp-image-1828\" src=\"https:\/\/cultural.edu.pe\/wp-content\/uploads\/2020\/11\/logo-3.png\" alt=\"\" width=\"140\" \/><\/p>\n<p>Nuestra metodolog\u00eda educativa basada en actividades y experiencias ayudan a desarrollar tus competencias[\/vc_column_text][vc_column_text el_class=&#8221;item-experiencia-cultural&#8221;]<\/p>\n<h4>Docentes certificados<\/h4>\n<p><img class=\"alignnone size-full wp-image-1830\" src=\"https:\/\/cultural.edu.pe\/wp-content\/uploads\/2020\/11\/logo-2.png\" alt=\"\" width=\"250\" srcset=\"https:\/\/cultural.edu.pe\/puno\/wp-content\/uploads\/2020\/11\/logo-2.png 462w, https:\/\/cultural.edu.pe\/puno\/wp-content\/uploads\/2020\/11\/logo-2-300x61.png 300w\" sizes=\"(max-width: 462px) 100vw, 462px\" \/><\/p>\n<p>Nuestros docentes est\u00e1n certificados por Google para la ense\u00f1anza de ingles a trav\u00e9s de sus plataformas[\/vc_column_text][\/vc_column][vc_column width=&#8221;1\/3&#8243;][vc_column_text el_class=&#8221;item-experiencia-cultural&#8221;]<\/p>\n<h4>Somos un American Spaces<\/h4>\n<p><img loading=\"lazy\" class=\"alignnone size-full wp-image-1829\" src=\"https:\/\/cultural.edu.pe\/wp-content\/uploads\/2020\/11\/logo-4.png\" alt=\"\" width=\"354\" height=\"60\" srcset=\"https:\/\/cultural.edu.pe\/puno\/wp-content\/uploads\/2020\/11\/logo-4.png 354w, https:\/\/cultural.edu.pe\/puno\/wp-content\/uploads\/2020\/11\/logo-4-300x51.png 300w\" sizes=\"(max-width: 354px) 100vw, 354px\" \/><\/p>\n<p>Contamos con las \u00fanicas oficinas de EducationUSA en el sur<br \/>\n(Espacio americano)[\/vc_column_text][\/vc_column][\/vc_row][\/vc_section][vc_section el_id=&#8221;portal-academico&#8221; el_class=&#8221;secciones&#8221;][vc_row][vc_column width=&#8221;2\/3&#8243;][vc_empty_space height=&#8221;52px&#8221;][vc_column_text el_class=&#8221;portal-informativo&#8221;]<\/p>\n<h2 style=\"color: #ffffff;\">Portal Acad\u00e9mico<\/h2>\n<p style=\"color: #ffffff;\">Consulta tu informaci\u00f3n, matr\u00edcula web, notas y plataforma virtual National Geographic Learning.<\/p>\n<p>[\/vc_column_text][vc_btn title=&#8221;Ingresar&#8221; style=&#8221;custom&#8221; custom_background=&#8221;#ffbd4a&#8221; custom_text=&#8221;#ffffff&#8221; size=&#8221;lg&#8221; i_icon_fontawesome=&#8221;far fa-user&#8221; add_icon=&#8221;true&#8221; el_class=&#8221;btn-acceso-portal&#8221; link=&#8221;url:https%3A%2F%2Fportalacademico.cultural.edu.pe%2Fccpna%2Fstudents|target:_blank&#8221;][\/vc_column][vc_column width=&#8221;1\/3&#8243;][vc_single_image image=&#8221;3507&#8243; img_size=&#8221;260&#215;260&#8243; alignment=&#8221;center&#8221; css=&#8221;.vc_custom_1698281823447{margin-bottom: 0px !important;}&#8221; el_class=&#8221;img-portal&#8221;][\/vc_column][\/vc_row][\/vc_section][vc_section el_id=&#8221;eventos&#8221;][vc_row][vc_column][vc_empty_space height=&#8221;30px&#8221;][vc_raw_html]JTVCY2FycnVzZWxfZXZlbnRvcyU1RA==[\/vc_raw_html][\/vc_column][\/vc_row][\/vc_section][vc_section el_id=&#8221;noticias&#8221;][vc_row][vc_column][vc_empty_space height=&#8221;30px&#8221;][vc_raw_html]JTVCY2FycnVzZWxfbm90aWNpYXMlNUQ=[\/vc_raw_html][\/vc_column][\/vc_row][\/vc_section]<\/p>\n","protected":false},"excerpt":{"rendered":"<p>[vc_section el_id=&#8221;hero&#8221; el_class=&#8221;hero&#8221;][vc_row][vc_column][vc_raw_html]JTVCc2xpZGVfaG9tZWhlcm8lNUQ=[\/vc_raw_html][\/vc_column][\/vc_row][\/vc_section][vc_section el_id=&#8221;accesos-rapidos&#8221;][vc_row][vc_column width=&#8221;1\/4&#8243; el_class=&#8221;accesos-izquierda&#8221;][vc_column_text] Ingresa directamente a [\/vc_column_text][\/vc_column][vc_column width=&#8221;3\/4&#8243; el_class=&#8221;accesos-derecha&#8221;][vc_wp_custommenu nav_menu=&#8221;38&#8243;][\/vc_column][\/vc_row][\/vc_section][vc_section el_id=&#8221;nosotros&#8221; el_class=&#8221;secciones&#8221;][vc_row][vc_column][vc_empty_space height=&#8221;40px&#8221;][\/vc_column][\/vc_row][vc_row][vc_column width=&#8221;1\/2&#8243;][vc_single_image image=&#8221;3550&#8243; img_size=&#8221;full&#8221; alignment=&#8221;center&#8221;][\/vc_column][vc_column width=&#8221;1\/2&#8243;][vc_column_text el_class=&#8221;titulos-secciones&#8221;] M\u00e1s de 70 a\u00f1os impulsando el cambio Centro [&hellip;]<\/p>\n","protected":false},"author":2,"featured_media":0,"parent":0,"menu_order":0,"comment_status":"closed","ping_status":"closed","template":"","meta":[],"tags":[],"tipo_pagina":[],"acf":[],"_links":{"self":[{"href":"https:\/\/cultural.edu.pe\/puno\/wp-json\/wp\/v2\/pages\/9"}],"collection":[{"href":"https:\/\/cultural.edu.pe\/puno\/wp-json\/wp\/v2\/pages"}],"about":[{"href":"https:\/\/cultural.edu.pe\/puno\/wp-json\/wp\/v2\/types\/page"}],"author":[{"embeddable":true,"href":"https:\/\/cultural.edu.pe\/puno\/wp-json\/wp\/v2\/users\/2"}],"replies":[{"embeddable":true,"href":"https:\/\/cultural.edu.pe\/puno\/wp-json\/wp\/v2\/comments?post=9"}],"version-history":[{"count":265,"href":"https:\/\/cultural.edu.pe\/puno\/wp-json\/wp\/v2\/pages\/9\/revisions"}],"predecessor-version":[{"id":4123,"href":"https:\/\/cultural.edu.pe\/puno\/wp-json\/wp\/v2\/pages\/9\/revisions\/4123"}],"wp:attachment":[{"href":"https:\/\/cultural.edu.pe\/puno\/wp-json\/wp\/v2\/media?parent=9"}],"wp:term":[{"taxonomy":"post_tag","embeddable":true,"href":"https:\/\/cultural.edu.pe\/puno\/wp-json\/wp\/v2\/tags?post=9"},{"taxonomy":"tipo_pagina","embeddable":true,"href":"https:\/\/cultural.edu.pe\/puno\/wp-json\/wp\/v2\/tipo_pagina?post=9"}],"curies":[{"name":"wp","href":"https:\/\/api.w.org\/{rel}","templated":true}]}}