{"id":68,"date":"2025-10-16T01:50:04","date_gmt":"2025-10-16T06:50:04","guid":{"rendered":"http:\/\/devmacanudo.com\/webcultural\/?page_id=68"},"modified":"2026-01-19T17:43:50","modified_gmt":"2026-01-19T22:43:50","slug":"transparencia","status":"publish","type":"page","link":"https:\/\/cultural.edu.pe\/puno\/transparencia\/","title":{"rendered":"Transparencia"},"content":{"rendered":"<p>[vc_row el_id=&#8221;reglamentos&#8221;][vc_column][vc_column_text el_class=&#8221;title-trasnparencia&#8221;]<span style=\"color: #df4f3e;\"><strong>Reglamentos y Est\u00e1ndares<\/strong><\/span>[\/vc_column_text][vc_row_inner equal_height=&#8221;yes&#8221; content_placement=&#8221;middle&#8221;][vc_column_inner width=&#8221;1\/3&#8243;]<div class=\"ult-content-box-container regla-card box-shadow blue-card mb30\" >\t<a class=\"ult-content-box-anchor\" href=\"https:\/\/cultural.edu.pe\/puno\/wp-content\/uploads\/2021\/10\/Gui\u0301a-del-Alumno.pdf\" target=\"_blank\" rel=\"noopener\" >\t\t<div class=\"ult-content-box\" style=\"box-shadow: px px px px none;-webkit-transition: all 700ms ease;-moz-transition: all 700ms ease;-ms-transition: all 700ms ease;-o-transition: all 700ms ease;transition: all 700ms ease;\"  data-hover_box_shadow=\"none\"    ><div class=\"aio-icon-component    style_1\"><div id=\"Info-box-wrap-5526\" class=\"aio-icon-box left-icon\" style=\"\"  ><div class=\"aio-icon-left\"><div class=\"ult-just-icon-wrapper  \"><div class=\"align-icon\" style=\"text-align:center;\">\n<div class=\"aio-icon-img  uavc-circle \" style=\"font-size:48px;background:#2e3192;display:inline-block;\" >\n\t<img class=\"img-icon\" alt=\"null\" src=\"https:\/\/cultural.edu.pe\/wp-content\/uploads\/2025\/05\/guia-alumno.png\"\/>\n<\/div><\/div><\/div><\/div><div class=\"aio-ibd-block\"><div class=\"aio-icon-header\" ><span class=\"aio-icon-title ult-responsive\"  data-ultimate-target='#Info-box-wrap-5526 .aio-icon-title'  data-responsive-json-new='{\"font-size\":\"\",\"line-height\":\"\"}'  style=\"\">Gu\u00eda del Alumno<\/span><\/div> <!-- header --><div class=\"aio-icon-description ult-responsive\"  data-ultimate-target='#Info-box-wrap-5526 .aio-icon-description'  data-responsive-json-new='{\"font-size\":\"\",\"line-height\":\"\"}'  style=\"\">Ver documento \u21fe<\/div> <!-- description --><\/div> <!-- aio-ibd-block --><\/div> <!-- aio-icon-box --><\/div> <!-- aio-icon-component -->\t\t<\/div>\t<\/a><\/div>[\/vc_column_inner][vc_column_inner width=&#8221;1\/3&#8243;]<div class=\"ult-content-box-container regla-card box-shadow red-card mb30\" >\t<a class=\"ult-content-box-anchor\" href=\"https:\/\/cultural.edu.pe\/puno\/wp-content\/uploads\/2021\/11\/Reglamento-del-Alumno_V2.pdf\" target=\"_blank\" rel=\"noopener\" >\t\t<div class=\"ult-content-box\" style=\"box-shadow: px px px px none;-webkit-transition: all 700ms ease;-moz-transition: all 700ms ease;-ms-transition: all 700ms ease;-o-transition: all 700ms ease;transition: all 700ms ease;\"  data-hover_box_shadow=\"none\"    ><div class=\"aio-icon-component    style_1\"><div id=\"Info-box-wrap-2403\" class=\"aio-icon-box left-icon\" style=\"\"  ><div class=\"aio-icon-left\"><div class=\"ult-just-icon-wrapper  \"><div class=\"align-icon\" style=\"text-align:center;\">\n<div class=\"aio-icon-img  uavc-circle \" style=\"font-size:48px;background:#df4f3e;display:inline-block;\" >\n\t<img class=\"img-icon\" alt=\"null\" src=\"https:\/\/cultural.edu.pe\/wp-content\/uploads\/2025\/05\/reglamento-alumno.png\"\/>\n<\/div><\/div><\/div><\/div><div class=\"aio-ibd-block\"><div class=\"aio-icon-header\" ><span class=\"aio-icon-title ult-responsive\"  data-ultimate-target='#Info-box-wrap-2403 .aio-icon-title'  data-responsive-json-new='{\"font-size\":\"\",\"line-height\":\"\"}'  style=\"\">Reglamento del Alumno<\/span><\/div> <!-- header --><div class=\"aio-icon-description ult-responsive\"  data-ultimate-target='#Info-box-wrap-2403 .aio-icon-description'  data-responsive-json-new='{\"font-size\":\"\",\"line-height\":\"\"}'  style=\"\">Ver documento \u21fe<\/div> <!-- description --><\/div> <!-- aio-ibd-block --><\/div> <!-- aio-icon-box --><\/div> <!-- aio-icon-component -->\t\t<\/div>\t<\/a><\/div>[\/vc_column_inner][vc_column_inner width=&#8221;1\/3&#8243;]<div class=\"ult-content-box-container regla-card box-shadow blue-card\" >\t<a class=\"ult-content-box-anchor\" href=\"https:\/\/cultural.edu.pe\/puno\/wp-content\/uploads\/2020\/12\/Actuaci\u00f3n-B\u00e1sica-para-Atenci\u00f3n-de-Emergencias.pdf\" target=\"_blank\" rel=\"noopener\" >\t\t<div class=\"ult-content-box\" style=\"box-shadow: px px px px none;-webkit-transition: all 700ms ease;-moz-transition: all 700ms ease;-ms-transition: all 700ms ease;-o-transition: all 700ms ease;transition: all 700ms ease;\"  data-hover_box_shadow=\"none\"    ><div class=\"aio-icon-component    style_1\"><div id=\"Info-box-wrap-7570\" class=\"aio-icon-box left-icon\" style=\"\"  ><div class=\"aio-icon-left\"><div class=\"ult-just-icon-wrapper  \"><div class=\"align-icon\" style=\"text-align:center;\">\n<div class=\"aio-icon-img  uavc-circle \" style=\"font-size:48px;background:#2e3192;display:inline-block;\" >\n\t<img class=\"img-icon\" alt=\"null\" src=\"https:\/\/cultural.edu.pe\/wp-content\/uploads\/2025\/05\/actuacion-emergencias.png\"\/>\n<\/div><\/div><\/div><\/div><div class=\"aio-ibd-block\"><div class=\"aio-icon-header\" ><span class=\"aio-icon-title ult-responsive\"  data-ultimate-target='#Info-box-wrap-7570 .aio-icon-title'  data-responsive-json-new='{\"font-size\":\"\",\"line-height\":\"\"}'  style=\"\">Actuaci\u00f3n B\u00e1sica para Atenci\u00f3n de Emergencias<\/span><\/div> <!-- header --><div class=\"aio-icon-description ult-responsive\"  data-ultimate-target='#Info-box-wrap-7570 .aio-icon-description'  data-responsive-json-new='{\"font-size\":\"\",\"line-height\":\"\"}'  style=\"\">Ver documento \u21fe<\/div> <!-- description --><\/div> <!-- aio-ibd-block --><\/div> <!-- aio-icon-box --><\/div> <!-- aio-icon-component -->\t\t<\/div>\t<\/a><\/div>[\/vc_column_inner][\/vc_row_inner][vc_row_inner equal_height=&#8221;yes&#8221; content_placement=&#8221;middle&#8221; el_class=&#8221;pt30&#8243;][vc_column_inner width=&#8221;1\/3&#8243;]<div class=\"ult-content-box-container regla-card box-shadow red-card mb30\" >\t<a class=\"ult-content-box-anchor\" href=\"https:\/\/cultural.edu.pe\/wp-content\/uploads\/2022\/04\/Terminos-y-condiciones-de-clases-hibridas-Jovenes-y-adultos.pdf\" target=\"_blank\" rel=\"noopener\" >\t\t<div class=\"ult-content-box\" style=\"box-shadow: px px px px none;-webkit-transition: all 700ms ease;-moz-transition: all 700ms ease;-ms-transition: all 700ms ease;-o-transition: all 700ms ease;transition: all 700ms ease;\"  data-hover_box_shadow=\"none\"    ><div class=\"aio-icon-component    style_1\"><div id=\"Info-box-wrap-2171\" class=\"aio-icon-box left-icon\" style=\"\"  ><div class=\"aio-icon-left\"><div class=\"ult-just-icon-wrapper  \"><div class=\"align-icon\" style=\"text-align:center;\">\n<div class=\"aio-icon-img  uavc-circle \" style=\"font-size:48px;background:#df4f3e;display:inline-block;\" >\n\t<img class=\"img-icon\" alt=\"null\" src=\"https:\/\/cultural.edu.pe\/wp-content\/uploads\/2025\/05\/terminos-jovenes.png\"\/>\n<\/div><\/div><\/div><\/div><div class=\"aio-ibd-block\"><div class=\"aio-icon-header\" ><span class=\"aio-icon-title ult-responsive\"  data-ultimate-target='#Info-box-wrap-2171 .aio-icon-title'  data-responsive-json-new='{\"font-size\":\"\",\"line-height\":\"\"}'  style=\"\">T\u00e9rminos - Clases h\u00edbridas (J\u00f3venes y adultos)<\/span><\/div> <!-- header --><div class=\"aio-icon-description ult-responsive\"  data-ultimate-target='#Info-box-wrap-2171 .aio-icon-description'  data-responsive-json-new='{\"font-size\":\"\",\"line-height\":\"\"}'  style=\"\">Ver documento \u21fe<\/div> <!-- description --><\/div> <!-- aio-ibd-block --><\/div> <!-- aio-icon-box --><\/div> <!-- aio-icon-component -->\t\t<\/div>\t<\/a><\/div>[\/vc_column_inner][vc_column_inner width=&#8221;1\/3&#8243;]<div class=\"ult-content-box-container regla-card box-shadow blue-card mb30\" >\t<a class=\"ult-content-box-anchor\" href=\"https:\/\/cultural.edu.pe\/wp-content\/uploads\/2022\/04\/Terminos-y-condiciones-de-clases-hibridas-Ninos-y-adolescentes.pdf\" target=\"_blank\" rel=\"noopener\" >\t\t<div class=\"ult-content-box\" style=\"box-shadow: px px px px none;-webkit-transition: all 700ms ease;-moz-transition: all 700ms ease;-ms-transition: all 700ms ease;-o-transition: all 700ms ease;transition: all 700ms ease;\"  data-hover_box_shadow=\"none\"    ><div class=\"aio-icon-component    style_1\"><div id=\"Info-box-wrap-6932\" class=\"aio-icon-box left-icon\" style=\"\"  ><div class=\"aio-icon-left\"><div class=\"ult-just-icon-wrapper  \"><div class=\"align-icon\" style=\"text-align:center;\">\n<div class=\"aio-icon-img  uavc-circle \" style=\"font-size:48px;background:#2e3192;display:inline-block;\" >\n\t<img class=\"img-icon\" alt=\"null\" src=\"https:\/\/cultural.edu.pe\/wp-content\/uploads\/2025\/05\/terminos-ninos.png\"\/>\n<\/div><\/div><\/div><\/div><div class=\"aio-ibd-block\"><div class=\"aio-icon-header\" ><span class=\"aio-icon-title ult-responsive\"  data-ultimate-target='#Info-box-wrap-6932 .aio-icon-title'  data-responsive-json-new='{\"font-size\":\"\",\"line-height\":\"\"}'  style=\"\">T\u00e9rminos - Clases h\u00edbridas (Ni\u00f1os y adolescentes)<\/span><\/div> <!-- header --><div class=\"aio-icon-description ult-responsive\"  data-ultimate-target='#Info-box-wrap-6932 .aio-icon-description'  data-responsive-json-new='{\"font-size\":\"\",\"line-height\":\"\"}'  style=\"\">Ver documento \u21fe<\/div> <!-- description --><\/div> <!-- aio-ibd-block --><\/div> <!-- aio-icon-box --><\/div> <!-- aio-icon-component -->\t\t<\/div>\t<\/a><\/div>[\/vc_column_inner][vc_column_inner width=&#8221;1\/3&#8243;][\/vc_column_inner][\/vc_row_inner][vc_empty_space height=&#8221;50px&#8221;][vc_column_text el_class=&#8221;title-trasnparencia&#8221;]<span style=\"color: #2e3192;\"><strong>Lista de precios<\/strong><\/span>[\/vc_column_text][vc_row_inner equal_height=&#8221;yes&#8221; el_class=&#8221;row-price&#8221;][vc_column_inner width=&#8221;1\/3&#8243;]<div class=\"ult-content-box-container regla-card box-shadow blue-card mb30\" >\t<a class=\"ult-content-box-anchor\" href=\"https:\/\/cultural.edu.pe\/puno\/wp-content\/uploads\/2020\/12\/Lista-de-Precios-Servicios-acade\u0301micos.pdf\" target=\"_blank\" rel=\"noopener\" >\t\t<div class=\"ult-content-box\" style=\"box-shadow: px px px px none;-webkit-transition: all 700ms ease;-moz-transition: all 700ms ease;-ms-transition: all 700ms ease;-o-transition: all 700ms ease;transition: all 700ms ease;\"  data-hover_box_shadow=\"none\"    ><div class=\"aio-icon-component    style_1\"><div id=\"Info-box-wrap-4512\" class=\"aio-icon-box left-icon\" style=\"\"  ><div class=\"aio-icon-left\"><div class=\"ult-just-icon-wrapper  \"><div class=\"align-icon\" style=\"text-align:center;\">\n<div class=\"aio-icon-img  uavc-circle \" style=\"font-size:48px;background:#2e3192;display:inline-block;\" >\n\t<img class=\"img-icon\" alt=\"null\" src=\"https:\/\/cultural.edu.pe\/wp-content\/uploads\/2025\/05\/servicios-academicos.png\"\/>\n<\/div><\/div><\/div><\/div><div class=\"aio-ibd-block\"><div class=\"aio-icon-header\" ><span class=\"aio-icon-title ult-responsive\"  data-ultimate-target='#Info-box-wrap-4512 .aio-icon-title'  data-responsive-json-new='{\"font-size\":\"\",\"line-height\":\"\"}'  style=\"\">Servicios acad\u00e9micos<\/span><\/div> <!-- header --><div class=\"aio-icon-description ult-responsive\"  data-ultimate-target='#Info-box-wrap-4512 .aio-icon-description'  data-responsive-json-new='{\"font-size\":\"\",\"line-height\":\"\"}'  style=\"\">Ver documento \u21fe<\/div> <!-- description --><\/div> <!-- aio-ibd-block --><\/div> <!-- aio-icon-box --><\/div> <!-- aio-icon-component -->\t\t<\/div>\t<\/a><\/div>[\/vc_column_inner][vc_column_inner width=&#8221;1\/3&#8243;]<div class=\"ult-content-box-container regla-card box-shadow red-card mb30\" >\t<a class=\"ult-content-box-anchor\" href=\"https:\/\/cultural.edu.pe\/puno\/wp-content\/uploads\/2020\/12\/Lista-de-Precios-Tra\u0301mites-caja.pdf\" target=\"_blank\" rel=\"noopener\" >\t\t<div class=\"ult-content-box\" style=\"box-shadow: px px px px none;-webkit-transition: all 700ms ease;-moz-transition: all 700ms ease;-ms-transition: all 700ms ease;-o-transition: all 700ms ease;transition: all 700ms ease;\"  data-hover_box_shadow=\"none\"    ><div class=\"aio-icon-component    style_1\"><div id=\"Info-box-wrap-2217\" class=\"aio-icon-box left-icon\" style=\"\"  ><div class=\"aio-icon-left\"><div class=\"ult-just-icon-wrapper  \"><div class=\"align-icon\" style=\"text-align:center;\">\n<div class=\"aio-icon-img  uavc-circle \" style=\"font-size:48px;background:#df4f3e;display:inline-block;\" >\n\t<img class=\"img-icon\" alt=\"null\" src=\"https:\/\/cultural.edu.pe\/wp-content\/uploads\/2025\/05\/tramites-caja.png\"\/>\n<\/div><\/div><\/div><\/div><div class=\"aio-ibd-block\"><div class=\"aio-icon-header\" ><span class=\"aio-icon-title ult-responsive\"  data-ultimate-target='#Info-box-wrap-2217 .aio-icon-title'  data-responsive-json-new='{\"font-size\":\"\",\"line-height\":\"\"}'  style=\"\">Tr\u00e1mites caja<\/span><\/div> <!-- header --><div class=\"aio-icon-description ult-responsive\"  data-ultimate-target='#Info-box-wrap-2217 .aio-icon-description'  data-responsive-json-new='{\"font-size\":\"\",\"line-height\":\"\"}'  style=\"\">Ver documento \u21fe<\/div> <!-- description --><\/div> <!-- aio-ibd-block --><\/div> <!-- aio-icon-box --><\/div> <!-- aio-icon-component -->\t\t<\/div>\t<\/a><\/div>[\/vc_column_inner][vc_column_inner el_class=&#8221;body-pic&#8221; width=&#8221;1\/3&#8243;][vc_single_image image=&#8221;3891&#8243; img_size=&#8221;full&#8221; alignment=&#8221;center&#8221; el_class=&#8221;marginB0 img-reglas hide-elem&#8221;][\/vc_column_inner][\/vc_row_inner][\/vc_column][\/vc_row][vc_row equal_height=&#8221;yes&#8221; css=&#8221;.vc_custom_1746735796830{background-image: url(https:\/\/cultural.edu.pe\/wp-content\/uploads\/2024\/02\/seccion-bg-1.png?id=9474) !important;}&#8221; el_id=&#8221;links&#8221;][vc_column][vc_row_inner equal_height=&#8221;yes&#8221; el_class=&#8221;body-links&#8221;][vc_column_inner width=&#8221;1\/3&#8243;]<div class=\"ult-content-box-container regla-card box-shadow red-card bottom-card\" >\t<a class=\"ult-content-box-anchor\" href=\"http:\/\/w1.cultural.pe\/autenticaciones\/\" target=\"_blank\" rel=\"noopener\" >\t\t<div class=\"ult-content-box\" style=\"box-shadow: px px px px none;-webkit-transition: all 700ms ease;-moz-transition: all 700ms ease;-ms-transition: all 700ms ease;-o-transition: all 700ms ease;transition: all 700ms ease;\"  data-hover_box_shadow=\"none\"    ><div class=\"aio-icon-component    style_1\"><div id=\"Info-box-wrap-2926\" class=\"aio-icon-box top-icon\" style=\"\"  ><div class=\"aio-icon-top\"><div class=\"ult-just-icon-wrapper  \"><div class=\"align-icon\" style=\"text-align:center;\">\n<div class=\"aio-icon-img  uavc-circle \" style=\"font-size:54px;background:#df4f3e;display:inline-block;\" >\n\t<img class=\"img-icon\" alt=\"null\" src=\"https:\/\/cultural.edu.pe\/wp-content\/uploads\/2025\/05\/a-certificados.png\"\/>\n<\/div><\/div><\/div><\/div><div class=\"aio-icon-header\" ><span class=\"aio-icon-title ult-responsive\"  data-ultimate-target='#Info-box-wrap-2926 .aio-icon-title'  data-responsive-json-new='{\"font-size\":\"\",\"line-height\":\"\"}'  style=\"\">Autenticaci\u00f3n de certificados<\/span><\/div> <!-- header --><div class=\"aio-icon-description ult-responsive\"  data-ultimate-target='#Info-box-wrap-2926 .aio-icon-description'  data-responsive-json-new='{\"font-size\":\"\",\"line-height\":\"\"}'  style=\"\">Click aqu\u00ed \u21fe<\/div> <!-- description --><\/div> <!-- aio-icon-box --><\/div> <!-- aio-icon-component -->\t\t<\/div>\t<\/a><\/div>[\/vc_column_inner][vc_column_inner width=&#8221;1\/3&#8243;]<div class=\"ult-content-box-container regla-card box-shadow blue-card bottom-card\" >\t<a class=\"ult-content-box-anchor\" href=\"http:\/\/w1.cultural.pe\/reclamaciones\/Reclamos.php\" target=\"_blank\" rel=\"noopener\" >\t\t<div class=\"ult-content-box\" style=\"box-shadow: px px px px none;-webkit-transition: all 700ms ease;-moz-transition: all 700ms ease;-ms-transition: all 700ms ease;-o-transition: all 700ms ease;transition: all 700ms ease;\"  data-hover_box_shadow=\"none\"    ><div class=\"aio-icon-component    style_1\"><div id=\"Info-box-wrap-1934\" class=\"aio-icon-box top-icon\" style=\"\"  ><div class=\"aio-icon-top\"><div class=\"ult-just-icon-wrapper  \"><div class=\"align-icon\" style=\"text-align:center;\">\n<div class=\"aio-icon-img  uavc-circle \" style=\"font-size:54px;background:#2e3192;display:inline-block;\" >\n\t<img class=\"img-icon\" alt=\"null\" src=\"https:\/\/cultural.edu.pe\/wp-content\/uploads\/2025\/05\/a-libro-reclamaciones.png\"\/>\n<\/div><\/div><\/div><\/div><div class=\"aio-icon-header\" ><span class=\"aio-icon-title ult-responsive\"  data-ultimate-target='#Info-box-wrap-1934 .aio-icon-title'  data-responsive-json-new='{\"font-size\":\"\",\"line-height\":\"\"}'  style=\"\">Libro de reclamaciones<\/span><\/div> <!-- header --><div class=\"aio-icon-description ult-responsive\"  data-ultimate-target='#Info-box-wrap-1934 .aio-icon-description'  data-responsive-json-new='{\"font-size\":\"\",\"line-height\":\"\"}'  style=\"\">Click aqu\u00ed \u21fe<\/div> <!-- description --><\/div> <!-- aio-icon-box --><\/div> <!-- aio-icon-component -->\t\t<\/div>\t<\/a><\/div>[\/vc_column_inner][vc_column_inner width=&#8221;1\/3&#8243;]<div class=\"ult-content-box-container regla-card box-shadow red-card bottom-card\" >\t<a class=\"ult-content-box-anchor\" href=\"https:\/\/cultural.edu.pe\/puno\/politica-privacidad\/\" target=\"_blank\" rel=\"noopener\" >\t\t<div class=\"ult-content-box\" style=\"box-shadow: px px px px none;-webkit-transition: all 700ms ease;-moz-transition: all 700ms ease;-ms-transition: all 700ms ease;-o-transition: all 700ms ease;transition: all 700ms ease;\"  data-hover_box_shadow=\"none\"    ><div class=\"aio-icon-component    style_1\"><div id=\"Info-box-wrap-9911\" class=\"aio-icon-box top-icon\" style=\"\"  ><div class=\"aio-icon-top\"><div class=\"ult-just-icon-wrapper  \"><div class=\"align-icon\" style=\"text-align:center;\">\n<div class=\"aio-icon-img  uavc-circle \" style=\"font-size:54px;background:#df4f3e;display:inline-block;\" >\n\t<img class=\"img-icon\" alt=\"null\" src=\"https:\/\/cultural.edu.pe\/wp-content\/uploads\/2025\/05\/a-politica-privacidad.png\"\/>\n<\/div><\/div><\/div><\/div><div class=\"aio-icon-header\" ><span class=\"aio-icon-title ult-responsive\"  data-ultimate-target='#Info-box-wrap-9911 .aio-icon-title'  data-responsive-json-new='{\"font-size\":\"\",\"line-height\":\"\"}'  style=\"\">Pol\u00edticas de privacidad<\/span><\/div> <!-- header --><div class=\"aio-icon-description ult-responsive\"  data-ultimate-target='#Info-box-wrap-9911 .aio-icon-description'  data-responsive-json-new='{\"font-size\":\"\",\"line-height\":\"\"}'  style=\"\">Click aqu\u00ed \u21fe<\/div> <!-- description --><\/div> <!-- aio-icon-box --><\/div> <!-- aio-icon-component -->\t\t<\/div>\t<\/a><\/div>[\/vc_column_inner][\/vc_row_inner][\/vc_column][\/vc_row][vc_row full_width=&#8221;stretch_row&#8221; css=&#8221;.vc_custom_1604139992869{background-color: #2e3192 !important;}&#8221;][vc_column][vc_empty_space height=&#8221;50px&#8221;][vc_empty_space height=&#8221;30px&#8221;][\/vc_column][\/vc_row]<\/p>\n","protected":false},"excerpt":{"rendered":"<p>Revisa los documentos disponibles<\/p>\n","protected":false},"author":2,"featured_media":3889,"parent":0,"menu_order":0,"comment_status":"closed","ping_status":"closed","template":"","meta":[],"tags":[],"tipo_pagina":[44],"acf":[],"_links":{"self":[{"href":"https:\/\/cultural.edu.pe\/puno\/wp-json\/wp\/v2\/pages\/68"}],"collection":[{"href":"https:\/\/cultural.edu.pe\/puno\/wp-json\/wp\/v2\/pages"}],"about":[{"href":"https:\/\/cultural.edu.pe\/puno\/wp-json\/wp\/v2\/types\/page"}],"author":[{"embeddable":true,"href":"https:\/\/cultural.edu.pe\/puno\/wp-json\/wp\/v2\/users\/2"}],"replies":[{"embeddable":true,"href":"https:\/\/cultural.edu.pe\/puno\/wp-json\/wp\/v2\/comments?post=68"}],"version-history":[{"count":60,"href":"https:\/\/cultural.edu.pe\/puno\/wp-json\/wp\/v2\/pages\/68\/revisions"}],"predecessor-version":[{"id":3892,"href":"https:\/\/cultural.edu.pe\/puno\/wp-json\/wp\/v2\/pages\/68\/revisions\/3892"}],"wp:featuredmedia":[{"embeddable":true,"href":"https:\/\/cultural.edu.pe\/puno\/wp-json\/wp\/v2\/media\/3889"}],"wp:attachment":[{"href":"https:\/\/cultural.edu.pe\/puno\/wp-json\/wp\/v2\/media?parent=68"}],"wp:term":[{"taxonomy":"post_tag","embeddable":true,"href":"https:\/\/cultural.edu.pe\/puno\/wp-json\/wp\/v2\/tags?post=68"},{"taxonomy":"tipo_pagina","embeddable":true,"href":"https:\/\/cultural.edu.pe\/puno\/wp-json\/wp\/v2\/tipo_pagina?post=68"}],"curies":[{"name":"wp","href":"https:\/\/api.w.org\/{rel}","templated":true}]}}