{"id":3531,"date":"2023-10-25T20:15:14","date_gmt":"2023-10-26T01:15:14","guid":{"rendered":"https:\/\/cultural.edu.pe\/puno\/?page_id=3531"},"modified":"2023-10-25T20:16:12","modified_gmt":"2023-10-26T01:16:12","slug":"exposiciones","status":"publish","type":"page","link":"https:\/\/cultural.edu.pe\/puno\/exposiciones\/","title":{"rendered":"Exposiciones"},"content":{"rendered":"<p>[vc_section][vc_row][vc_column][vc_empty_space height=&#8221;55px&#8221;][vc_column_text el_class=&#8221;titulos-archive&#8221;]<\/p>\n<h1>Exposiciones<\/h1>\n<p>Disfruta de la exposiciones que se muestran en nuestra Galer\u00eda[\/vc_column_text][vc_empty_space height=&#8221;10px&#8221;][vc_column_text]<\/p>\n<p style=\"text-align: justify;\">Las exposiciones responden a las sensibilidades, pr\u00e1cticas y saberes de la creaci\u00f3n art\u00edstica e intelectual. A trav\u00e9s de ellas, generamos oportunidades de visibilidad y reconocimiento a artistas emergentes y consolidados.<\/p>\n<p>[\/vc_column_text][vc_raw_html]JTVCZXhwb3NpY2lvbmVzX3ZpZ2VudGVzJTVE[\/vc_raw_html][vc_empty_space height=&#8221;45px&#8221;][\/vc_column][\/vc_row][\/vc_section]<\/p>\n","protected":false},"excerpt":{"rendered":"<p>[vc_section][vc_row][vc_column][vc_empty_space height=&#8221;55px&#8221;][vc_column_text el_class=&#8221;titulos-archive&#8221;] Exposiciones Disfruta de la exposiciones que se muestran en nuestra Galer\u00eda[\/vc_column_text][vc_empty_space height=&#8221;10px&#8221;][vc_column_text] Las exposiciones responden a las sensibilidades, pr\u00e1cticas y saberes de la creaci\u00f3n art\u00edstica e intelectual. [&hellip;]<\/p>\n","protected":false},"author":7,"featured_media":0,"parent":0,"menu_order":0,"comment_status":"closed","ping_status":"closed","template":"","meta":[],"tags":[],"tipo_pagina":[],"acf":[],"_links":{"self":[{"href":"https:\/\/cultural.edu.pe\/puno\/wp-json\/wp\/v2\/pages\/3531"}],"collection":[{"href":"https:\/\/cultural.edu.pe\/puno\/wp-json\/wp\/v2\/pages"}],"about":[{"href":"https:\/\/cultural.edu.pe\/puno\/wp-json\/wp\/v2\/types\/page"}],"author":[{"embeddable":true,"href":"https:\/\/cultural.edu.pe\/puno\/wp-json\/wp\/v2\/users\/7"}],"replies":[{"embeddable":true,"href":"https:\/\/cultural.edu.pe\/puno\/wp-json\/wp\/v2\/comments?post=3531"}],"version-history":[{"count":2,"href":"https:\/\/cultural.edu.pe\/puno\/wp-json\/wp\/v2\/pages\/3531\/revisions"}],"predecessor-version":[{"id":3533,"href":"https:\/\/cultural.edu.pe\/puno\/wp-json\/wp\/v2\/pages\/3531\/revisions\/3533"}],"wp:attachment":[{"href":"https:\/\/cultural.edu.pe\/puno\/wp-json\/wp\/v2\/media?parent=3531"}],"wp:term":[{"taxonomy":"post_tag","embeddable":true,"href":"https:\/\/cultural.edu.pe\/puno\/wp-json\/wp\/v2\/tags?post=3531"},{"taxonomy":"tipo_pagina","embeddable":true,"href":"https:\/\/cultural.edu.pe\/puno\/wp-json\/wp\/v2\/tipo_pagina?post=3531"}],"curies":[{"name":"wp","href":"https:\/\/api.w.org\/{rel}","templated":true}]}}